the prime factors of p?
3
Let z(a) = a**3 + 2*a**2 + 143. What are the prime factors of z(0)?
11, 13
Suppose 4*y - 12 = 5*u, 5*u = -3*y - 2 - 24. Let b = 23 + u. What are the prime factors of b?
19
Suppose 5 = 8*o - 3*o. What are the prime factors of o/(-2)*(-1 + -43)?
2, 11
Suppose -204 = -4*d - 4*o, 0*o - 251 = -5*d - 4*o. List the prime factors of d.
47
Let g(z) = -z + 2. Let k be g(6). Let j be k/(-10) + 186/10. Let x = -4 + j. List the prime factors of x.
3, 5
Suppose -4*u - 4 = -28. Let z = 19 + u. List the prime factors of z.
5
Let p be -11 + (-6 - -3) + 6. Let o = 22 + p. List the prime factors of o.
2, 7
Let d(u) = u**3 + 8*u**2 + 10*u + 3. Let q(y) = 5*y**3 + 32*y**2 + 40*y + 12. Let g(m) = -9*d(m) + 2*q(m). Let f be g(9). List the prime factors of 18/4*f/(-9).
2, 3
Let o(h) = h**3 - 2*h - 1. Let u be o(0). What are the prime factors of -1 + u - -2 - -28?
2, 7
Suppose 2 - 14 = -3*u. Suppose -4*n + 12 = 3*h, -6 = -3*h + 5*h - 2*n. Let k = h + u. What are the prime factors of k?
2
Suppose m = 5*a - a - 15, a + 6 = -3*m. List the prime factors of a.
3
Let r = 4 + -6. What are the prime factors of (2 - (-17)/(-2))*r?
13
Suppose -3*n = 4*g - 244, -g - 4*g + 300 = 5*n. Suppose -4*o + g + 44 = 0. List the prime factors of o.
3
Suppose 2*b - 3*z = 25, 0 = 3*z + 1 - 16. Suppose -3*l = 2*l - b. What are the prime factors of l?
2
Let o be (1 - 6)*(-196)/10. Suppose 6 = -3*b + 18. Suppose o = b*h + 3*q + 29, h + 4*q = 14. List the prime factors of h.
2, 3
Let h(x) = x**3 - 3*x**2 - 7*x + 1. Let f be h(5). Suppose 0*k = -k + f. Let t = -8 + k. What are the prime factors of t?
2
Suppose 4*z + 0*z = 12. Suppose 0 = p + 2*k - 11, -z*k = 2*p - 3*p + 16. What are the prime factors of p?
13
Let y(i) = 23*i**2 - 5*i - 4. What are the prime factors of y(3)?
2, 47
Suppose -9 = -0*t + 3*t. What are the prime factors of 8/(-24) - 70/t?
23
Let r = 8 + -4. Suppose -45 = -3*u + r*v, 0*u + 4*u - 60 = -5*v. What are the prime factors of u?
3, 5
Let m = -4 + 4. Let l = 4 + m. List the prime factors of l.
2
Let r be 4/(-10) + 208/(-80). Let y be (-2)/8 - 57/12. What are the prime factors of 5/(y/r) - -12?
3, 5
Suppose -a - 32 = -2*a. What are the prime factors of a?
2
Let l(v) be the second derivative of -v**3/6 + 4*v**2 + 6*v. List the prime factors of l(4).
2
Let x(o) = -15*o + 1. List the prime factors of x(-2).
31
Let x = -337 - -530. List the prime factors of x.
193
Suppose 3*j = 4*o - 298, 3*o + 97 = -j + 2*o. What are the prime factors of j/(-21) + 2/(-3)?
2
Let v = 43 - 35. List the prime factors of v.
2
Let q(n) = -3 - n**3 - 27*n**2 + 7 + 32*n**2 + n. What are the prime factors of q(5)?
3
Let v(a) = -7*a + 3. Let i(z) = -z. Let t(r) = -5*i(r) + v(r). What are the prime factors of t(-5)?
13
Let j(s) = 2*s - 1. Let t(d) = 1. Let k = 3 - 4. Let u(w) = k*j(w) - 2*t(w). List the prime factors of u(-3).
5
Suppose 2*o = -3*o - 5, 3*x - 4*o - 13 = 0. Suppose -3*p + 3*f + 12 = 0, x*f + 6 + 3 = 2*p. What are the prime factors of 4*(1 - p)/(-2)?
2
Let m(s) = -10*s. Let z be m(-1). Suppose z = 2*i - 0. Suppose -9 = 2*k - i*k. List the prime factors of k.
3
Suppose 2*q = 3*s - 168, -5*s + 4*s + 52 = -2*q. List the prime factors of s.
2, 29
Let q(j) = -4*j - 3. Let z be q(-12). What are the prime factors of (-1)/(((-12)/z)/4)?
3, 5
Suppose 6*z - 7 = 11. Suppose -2*h = z*l - 73, 3*l + 0*h - 74 = -h. What are the prime factors of l?
5
Let p(w) = w - 4. Let h(v) = -1. Let g(d) = -4*h(d) + p(d). Suppose 0*f = -2*f + c + 3, 3*c + 5 = 5*f. What are the prime factors of g(f)?
2
Let z be (-2 - -5) + -6 + 5. Suppose z*m = 6*m - 8. What are the prime factors of m?
2
Let f be 2/(2*-1)*3. Let r be 1/f - 11/3. Let k = 6 + r. What are the prime factors of k?
2
Suppose -7*p = -2*p - 115. Let n = p + -67. Let j = -27 - n. What are the prime factors of j?
17
Suppose 0 = -2*a + 6. Suppose -2*q = a*q - 195. Let s = q + -28. List the prime factors of s.
11
Let j(b) = 2*b**3 + 9*b**2 + b + 4. What are the prime factors of j(-4)?
2
Let g(z) = -z**3 + 4*z**2 + z - 2. Let d be 1*(-4)/6*-3. List the prime factors of g(d).
2
Let m = 37 - 18. List the prime factors of m.
19
Let z(r) = r**3 + 3*r**2 - 2*r + 2. List the prime factors of z(-3).
2
Suppose 3*c = -2*t + 12 + 14, 4*c - 5*t = 50. What are the prime factors of c?
2, 5
Let c be (-4)/(-16) - 35/(-4). Let y = 19 - c. List the prime factors of y.
2, 5
Suppose 0 = 5*y - 17 - 8. What are the prime factors of y?
5
What are the prime factors of (64/40)/(3/30)?
2
Let f = 32 + -12. Suppose -g + p = -2 - 4, -f = -4*g + 3*p. Suppose -2*m - g*w + 20 = 0, -2*w - 26 = -5*m - w. List the prime factors of m.
2, 3
Let w(g) = 0*g + 0*g**3 - 4 + g**3 + 5*g**2 - 5*g. Let y be w(-6). Let b = y + 16. What are the prime factors of b?
2, 3
Let i(v) = v**2 + 11*v - 20. Let y(s) = -3*s**2 - 33*s + 59. Let d(j) = -8*i(j) - 3*y(j). What are the prime factors of d(-13)?
3
Let g be -3*(0/2 - 1). Suppose 3*a + 3 - 18 = 0. Suppose g*r = 2*r + a. List the prime factors of r.
5
Let l be ((-1)/3)/(4/(-36)). Suppose -14 = -l*y + 10. Suppose 2*m - y = m. What are the prime factors of m?
2
Suppose -l - 8 = -3*k, 0 = 3*l - 5*k + 6*k - 6. Suppose l = 2*q - q. Suppose 3*p - q - 29 = 0. List the prime factors of p.
2, 5
Let a be (-9)/2*(-8)/6. Suppose -h = i - a*i + 7, 5*i + h - 13 = 0. Suppose i*d + l - 5*l = 30, 4*l = 4*d - 40. List the prime factors of d.
5
Suppose -5*p + 3 = 8. Let l = 5 + p. List the prime factors of l.
2
Suppose 2*g - 5*x + x = -4, 0 = 4*g - 5*x - 7. List the prime factors of g.
2
Let t be -3 - (-5)/(15/18). Suppose -2*i = -3*y + 5, 5*y - t*i + 4*i - 30 = 0. Suppose 0 = 4*l + y*j - 41, -5*l + 0*j + 79 = -3*j. List the prime factors of l.
2, 7
Suppose -3*f + 169 = -245. List the prime factors of f.
2, 3, 23
Let w = -8 - -9. Suppose 0 = -5*t + 14 + w. Suppose t*z = 28 + 5. List the prime factors of z.
11
Let i = -29 - -53. List the prime factors of i.
2, 3
Let q(w) = -w**3 + 6*w**2 + w - 3. Let g be q(6). Let d be 4 + (1 - g) + 3. Suppose 4*n - 5*n = -d. List the prime factors of n.
5
Suppose -2*p - 3*p + 11 = -2*w, -5*p + 7 = -4*w. Let t be (-10)/p*84/(-35). List the prime factors of ((-14)/t)/((-2)/8).
7
Let r(n) = -2*n + 12. What are the prime factors of r(-16)?
2, 11
List the prime factors of (-2)/(-24)*958 + (-1)/(-6).
2, 5
Let x(v) = -3*v**2 - 2*v - 2. Let t be x(3). What are the prime factors of t/(-2) + 7/(-14)?
17
List the prime factors of 6/(-2 - 36/(-15)).
3, 5
Suppose 0 = 5*a - 2*a - 27. Suppose k + a = -0*n + 3*n, -3*k = 3*n - 9. What are the prime factors of n?
3
Let x = 63 + -39. Suppose -u + x = 2*o, 5*o - 5*u + 10*u - 55 = 0. What are the prime factors of o?
13
Let z(p) = -p**2 + 13*p - 7. List the prime factors of z(11).
3, 5
Let i = 4 + 33. List the prime factors of i.
37
Let u be -4*1*(-3)/6. Let h(k) = 3*k**2 - 3*k. Let w be h(u). Suppose -18 - w = -2*f. List the prime factors of f.
2, 3
Suppose 6*b - 4*b - 180 = 0. List the prime factors of b.
2, 3, 5
Suppose -4*l + 98 = 2*r, 4*r - 7*r + 4*l + 117 = 0. What are the prime factors of r?
43
Let i(j) = 7*j**2 - 1. Let h be i(1). Suppose h*c - 10 = c. Let p(u) = 4*u. What are the prime factors of p(c)?
2
Suppose 4*q - 5*t + 0 = 1, 2*t = -2*q - 22. Suppose 4*h = 2*b + 26, -2*h = b + 4 + 25. List the prime factors of (-14)/b - 80/q.
2, 7
Suppose -12 = 12*g - 15*g. Suppose -g*z + 2 = -5*z, 3*z - 111 = -3*y. List the prime factors of y.
3, 13
Let z(s) = -s + 17. Let d be 0*(8/(-6))/(-4). Suppose d*t + 35 = 5*t. What are the prime factors of z(t)?
2, 5
Let n = 77 + -50. List the prime factors of n.
3
Suppose -4*i + 4 = -2*i. Let z be 1 + 2/(1/1). Let l = z + i. What are the prime factors of l?
5
Let o(f) = -2*f**3 + 2*f + 1. Let w be o(-1). Let g be -6*((-1)/3 - w). What are the prime factors of (-2)/((g/(-22))/2)?
11
Let f be (-3)/((-2)/((-4)/(-3))). Suppose -f = -s - 3. What are the prime factors of (0 + 5)/((-1)/s)?
5
Suppose 210 = 2*r - 2*j, -323 = -3*r - j + 2*j. List the prime factors of r.
109
Let g be 10/3 + (-2)/6. Let a = g + -1. Suppose -5*x + a*c = -28, 2*c - 8 = -x - 0*x. List the prime factors of x.
2, 3
Suppose -75 = -6*m + m. Suppose 0 = -4*v + m + 37. List the prime factors of v.
13
Let v(l) = 2*l + 24. List the prime factors of v(8).
2, 5
Suppose 0 = 4*d - 6*d. Suppose -4*s